Evaluate (-4 - -11) + (2 - (-6 - 12)) + -7.
20
What is (-16 - 0) + 3 + (0 - (5 - -2))?
-20
Calculate (1 + -3 - -5 - (-7 - -6)) + 3.
7
What is the value of -2 + 3 + 6 + 0 - 37 - 5?
-35
What is 4 + -4 - 8 - 3 - 6?
-17
What is (-8 - (-14 + -7)) + (-25 - -2)?
-10
What is the value of 0 + 17 + (21 + -5 - 28 - -4)?
9
What is the value of (0 - -5) + 3 + (1 + 2 - 2)?
9
Calculate 51 + -22 + 22 + -42.
9
What is the value of 6 - (-6 + -5 + 16 + -8)?
9
What is (-5 - 2) + (9 - 4) + (-1 - -1)?
-2
Calculate (29 - (-7 + 3 - (-1 - 9))) + -8.
15
158 + -54 + -99 - ((-1 - -1) + 19)
-14
(10 - -3) + -15 - (-25 - -7)
16
Calculate 40 - 17 - (-12 - -13).
22
Evaluate (-9 - 5) + (8 + -13 - -16).
-3
38 + (-15 - 31) + (2 - -10)
4
What is the value of (-32 - (-19 + -18)) + (8 - 0)?
13
Calculate -15 + (-15 - (43 - 42)).
-31
What is 4 - (-10 + (3 - -11) + 9) - 5?
-14
Calculate (-89 - -52) + (-4 - -24 - 5).
-22
Evaluate (-14 + 1 - (78 - 88)) + (27 - 5).
19
Calculate -32 + 52 - (0 + 1 - (-3 - 2)).
14
What is -745 - -790 - (2 + (10 - 2))?
35
Calculate -5 + 7 + (-12 - -8 - 3).
-5
Evaluate 1 + (-2 - (-4 + 4 - 2)).
1
Calculate -23 - -31 - -2 - 24.
-14
What is the value of (-28 - (39 - 106)) + -23?
16
Calculate 3 + -13 + 2 + -4 + 10 + -3.
-5
Evaluate 10 + -6 + (9 - 5) - -6.
14
What is the value of (-79 - -90) + -24 + 2 - (3 + 0)?
-14
Calculate 1 - (-12 - 7 - -37).
-17
What is 50 + -36 - (4 - 11)?
21
Calculate -31 - (-9 - (4 + -1)).
-19
Calculate 33 - (24 + -26 - -15).
20
Evaluate 7 - (9 + -1) - -3 - (-2 - 1).
5
What is 7 + -2 + -8 - 2 - -5?
0
Evaluate (46 - 39) + (-1 - 13) + 27 + -7.
13
Calculate 10 - (-11 + (-7 - (-9 - -1 - -9))).
29
What is the value of 10 + (4 - 5) - ((-6 - 0) + 20)?
-5
Calculate 21 + (-3 - 0 - 0) + -6.
12
42 + -20 + (-32 - -18)
8
What is the value of (-17 - -23 - -15) + -17?
4
Evaluate 46 + -35 - 29 - (11 + 0).
-29
Calculate 14 + -14 - -12 - -4.
16
What is the value of (0 + -17 - (109 + -146)) + -9?
11
59 - (11 - (4 - 38))
14
What is -2 + 10 - 1 - (11 + -12)?
8
Evaluate -5 + 5 - (3 - 5) - (-38 - -36).
4
What is the value of -4 + 1 + -3 + 26 + -18?
2
Calculate -6 + -2 + (20 - 13 - (-3 - 0)).
2
What is the value of -1 + -1 - (12 - (-2 + (18 - 3)))?
-1
Evaluate 14 + 6 + 1 + (-4 - 4 - -3).
16
What is the value of 13 + -1 - (34 - 26) - (-2 + 0)?
6
What is the value of 13 + (-18 - 22 - -12)?
-15
Calculate 4 - 1 - 8 - (-56 + 45).
6
Evaluate (68 - 13 - 20) + -39.
-4
Calculate -50 + 44 - (2 - 6 - 5).
3
What is 3 - ((-5 - 1) + 16)?
-7
Evaluate -2 + -1 - (-15 + 5) - 10.
-3
Calculate (21 - (-2 + -3) - 9) + 4 - 9.
12
What is the value of 4 + 4 + -12 - ((-1 - -2) + -1)?
-4
6 - (-2 + 7 + 9)
-8
-3 - 2 - (5 + -4 + -5 + -15)
14
What is -2 - (-1 - -6 - 15)?
8
What is the value of 20 + 24 + -43 + -4?
-3
What is the value of -27 + (7 - -10) + -7 + (-5 - 5)?
-27
Calculate 2 + 25 + 17 + (15 - 22) + -17.
20
What is -3 + 5 + 4 - (10 + -18)?
14
Calculate 4 + -3 + -1 + 17.
17
Calculate -5 + -7 - -4 - (-2 + 4).
-10
Evaluate 19 - 22 - (6 + 0).
-9
Calculate -4 + -1 + 3 + -2 - (21 - 28).
3
What is the value of 1 - -1 - (98 - 89)?
-7
Evaluate 7 + (13 - 35) + 12.
-3
(-19 - 15) + 30 - (-2 + -13)
11
What is 2 + -2 - (-9 + (-7 - -18) - 9)?
7
Calculate (10 - 19) + (-1 - 7 - -7).
-10
What is the value of -10 + -8 + 4 + 7 + 20?
13
What is (1 - 9) + 8 + -2 + -3?
-5
What is the value of 0 - 0 - (-10 - (-24 + 10 + -14))?
-18
What is -13 + 0 + (-32 + -22 - -57)?
-10
Calculate -11 - (-1 + -1 + -20).
11
Evaluate -26 + -16 + 42 + (2 - -7).
9
Evaluate 9 + 1 - (-212 - -231).
-9
Calculate 5 + -1 + 8 + -1 + 32 + -48.
-5
Evaluate -5 + 4 - (9 + -4 - 11).
5
What is the value of -3 - (-7 - -3) - (201 - 183)?
-17
Calculate 11 - (-7 + 2 + 22).
-6
Calculate -568 + 550 + (13 - 1).
-6
Evaluate 26 - 10 - (-7 - (-2 + 4 - 8)).
17
What is (20 - (-96 - -131)) + -1 + 0?
-16
What is -12 + (-7 - (-13 - -5)) + (4 - 2)?
-9
Evaluate (7 + -3 + -7 - -3 - 2) + 4.
2
Calculate 3 - 1 - (1 + -5).
6
(-7 - (0 + 0)) + 1028 + -1020
1
-4 - (0 - 4 - -6) - -5
-1
(12 - 19) + 48 + -22
19
What is the value of -18 - -18 - (7 - -2 - -8)?
-17
Evaluate 7 + -11 - 6 - (-10 - -10).
-10
What is the value of 5 - (2 + (1 - (0 - 7)) + 6)?
-11
Calculate (-6 - 13 - (-40 - -17)) + 16.
20
What is 0 + -13 + (152 - 136) + 5?
8
What is the value of -45 - -35 - (-16 + 0)?
6
What is the value of (-10 - -17) + -4 + 0 - 16?
-13
14 - (19 - (8 + 0) - -15)
-12
Evaluate -8 + (0 - (6 + -19 - -20)).
-15
Evaluate (-23 - (-2 + 2)) + 813 + -820.
-30
What is the value of 11 - ((-16 - -14) + -1)?
14
Calculate 15 + (6 - 5) + -38.
-22
Calculate (-558 - -551) + 0 + -36 - -17.
-26
What is -6 + -6 + 2 - -10 - 8?
-8
Evaluate (-2 - -3) + -2 - ((14 - 37) + 10).
12
What is 0 + 24 + -30 - -34?
28
Evaluate -10 + 2 + (4 - -9 - 13).
-8
What is -5 + (25 - 26) - 5?
-11
Evaluate (-3 - (-3 - (1 + -3 + -3))) + -4.
-9
Calculate -4 - -6 - -2 - (-63 + 85).
-18
What is the value of (19 - (6 - (7 - 11))) + -4?
5
Calculate 24 - (-32 + 52) - (-1 - (-1 + 5)).
9
Calculate (-6 - (10 + -35)) + (10 - (4 + 0)).
25
Evaluate -4 + (-17 - -1 - -24).
4
Calculate -347 + 359 + 1 + 4 + -12.
5
What is (-10 - (7 + -12)) + 10?
5
Calculate (188 - 190) + (8 - (-2 + 1)) + 0.
7
10 + -12 + -1 + 7 + -8
-4
17 + -27 + (21 - 7)
4
What is 0 + -32 + 532 + -518?
-18
What is -20 - 6 - -14 - -22?
10
What is 33 + -30 + -3 + -12?
-12
What is the value of -10 + (8 + 7 + -1 - -3)?
7
(24 - 20) + 0 + -1 + 4 + -1
6
What is 29 - (-2 + 8 + 5)?
18
What is the value of (17 - 4) + 171 + -166?
18
What is (15 + -6 + 1 - (-1 + 0)) + -4?
7
What is the value of (89 - 100) + -1 + -1 + -12 + -4?
-29
What is (-2 - 31) + (-46 - -62)?
-17
Calculate -17 + -53 + 33 + (10 - 2).
-29
Evaluate -7 - -2 - (-1 + 2 + (-2 - 1)).
-3
What is 416 - 423 - (-22 + 0)?
15
What is the value of -2 - (0 - 2) - (-125 + 126) - 20?
-21
Evaluate 1 + (-3 + -2 + -8 - -6).
-6
Evaluate -4 - 3 - (-3 + (10 - (10 + -6))).
-10
Calculate 4 + 1 - -3 - -3 - (66 - 72).
17
Evaluate (29 - (35 - 15)) + -24.
-15
What is 13 + (-3 + 0 - (-40 - -38))?
12
What is -6 + 0 + 15 + 1 + 9?
19
-14 + -1 + -10 + 675 + -675
-25
What is -11 - (0 - 14 - -12)?
-9
What is the value of 0 + (17 - -40) + -34?
23
What is the value of 9 + 6 + (-5 - (-12 + 4) - 1)?
17
What is (-10 - 0) + -31 + (-41 - -82)?
0
Evaluate (21 + -43 - -13) + 25.
16
Calculate 4 + 19 + (0 - 18).
5
6 + (-1 - 1) - (29 - 22) - -7
4
Evaluate -37 - -58 - 22 - (1 + -2 + 25).
-25
What is the value of 0 + (-7 - -4) - (2 - 6)?
1
Evaluate 2 - (8 + (3 - 1 - 5)).
-3
Evaluate -29 - (-6 + -11 - 9).
-3
What is the value of ((2 - 22) + 4 - -7) + 3 + -5?
-11
What is 7 + (-7 - (8 + -15)) + 1?
8
-7 + 15 + (-19 - (-2 + -3))
-6
Evaluate 7 - -1 - (53 - 48).
3
What is the value of -2 - (1 + 5) - 0?
-8
Evaluate 10 + -5 + -4 - (6 - 17 - -8).
4
What is -2 + 5 + 1 + 1 + 38 + -55?
-12
Evaluate -15 - (-32 + 16 + -6).
7
What is 9 - ((7 + 13 - 12) + -12)?
13
What is the value of 35 + -3 + (0 - 14)?
18
Evaluate -4 - (5 - (-1 + 3)) - -7.
0
Evaluate -6 - 1 - -1 - (-39 - -38).
-5
Calculate 95 + -49 + -37 - (-20 + 2).
27
What is the value of (-5 - (-4 + -7)) + (-2 + 0 - -5)?
9
Calculate 6 + 10 - (-21 - -20).
17
Evaluate 5 + (-27 + 1 - (14 - 20)).
-15
What is (7 - 20) + 5 + 0 + (-12 - -1)?
-19
What is the value of (15 + -27 - -9) + 19?
16
Evaluate -5 + -6 - (-21 + 17).
-7
What is -31 + (-27 - (-41 + 2))?
-19
Calculate 8 + (3 - (-5 - -11)).
5
Evaluate 38 - ((2 - -15) + (-1 - 4) - 4).
30
Evaluate -29 - (35 + -34 + -17).
-13
-24 + (-2 - (5 + -13) - (5 - 3))
-20
(-3 + 1 - -1) + (2 - -4)
5
Evaluate 12 - (48 - (-3 + 1 + 11) - -8).
-35
Evaluate (-538 - -550) + (0 - -2).
14
What is (27 - (95 - 36)) + (1 - (-1 + -6))?
-24
What is 0 + -16 + (-8 + 2 - (-7 + -1))?
-14
Evaluate 31 + 17 + -41 + 0 + -30.
-23
What is the value of (-1 - (-5 - -5) - 5) + 3?
-3
-3 + (10 - 1) + (8 - 4) + -7
3
What is the value of 7 - (11 + 2 - 0)?
-6
What is (-25 - 14) + 27 - (0 + -6 - -1)?
-7
Calculate 2 + 10 + 534 + -533.
13
Calculate 16 - (-9 + 8 + 19).
-2
Evaluate (0 - (-5 + 1)) + (48 - (-105 + 147)).
10
What is 6 + 2 - (-2 + 29 - -8)?
-27
Calculate 3 + 9 + (0 - (15 - 6)).
3
9 + (-39 - -12) - -16
-2
Evaluate 3 + (11 + 5 - 5) + 1 + -8.
7
What is (-14 + 20 - -40) + -29?
17
What is the value of 59 + (-65 - -18) + (1 - -2) + -1?
14
Evaluate 45 + -8 + -12 + -4 + 3.
24
What is the value of -1 + 1 - (21 + 20 + -32